he remainder when 3363703 is divided by 22.
13
Calculate the remainder when 5771 is divided by 5708.
63
Calculate the remainder when 2352916 is divided by 191.
178
What is the remainder when 162944 is divided by 494?
418
What is the remainder when 95735 is divided by 798?
773
Calculate the remainder when 17198688 is divided by 86862.
12
What is the remainder when 3691473 is divided by 1845734?
5
Calculate the remainder when 774446 is divided by 64529.
98
Calculate the remainder when 63455998 is divided by 2714.
2678
What is the remainder when 3858358 is divided by 154332?
58
Calculate the remainder when 109753 is divided by 4205.
423
What is the remainder when 18476 is divided by 1012?
260
What is the remainder when 1162238 is divided by 3887?
25
Calculate the remainder when 69569 is divided by 918.
719
Calculate the remainder when 1048457 is divided by 349482.
11
What is the remainder when 348943 is divided by 1646?
1637
Calculate the remainder when 1398700 is divided by 697238.
4224
What is the remainder when 1787755 is divided by 25?
5
Calculate the remainder when 55297832 is divided by 1679.
1646
Calculate the remainder when 31586 is divided by 671.
49
Calculate the remainder when 967400998 is divided by 3000.
2998
Calculate the remainder when 20135500 is divided by 41.
31
Calculate the remainder when 578668 is divided by 1539.
4
Calculate the remainder when 8840616 is divided by 5606.
5560
What is the remainder when 20446291 is divided by 1107?
1
What is the remainder when 752947 is divided by 8366?
7
What is the remainder when 193089 is divided by 1873?
170
Calculate the remainder when 11036 is divided by 1956.
1256
Calculate the remainder when 6664 is divided by 187.
119
Calculate the remainder when 7928571 is divided by 91.
14
What is the remainder when 3309252 is divided by 7917?
7863
Calculate the remainder when 278130293 is divided by 185.
183
Calculate the remainder when 222912 is divided by 1402.
1396
What is the remainder when 31690571 is divided by 3177?
3173
Calculate the remainder when 435520 is divided by 5319.
4681
Calculate the remainder when 32095437 is divided by 2540.
2537
Calculate the remainder when 7426144 is divided by 3009.
2941
Calculate the remainder when 57293 is divided by 28426.
441
What is the remainder when 35063097 is divided by 8765759?
61
What is the remainder when 170008812 is divided by 56669592?
36
Calculate the remainder when 889297809 is divided by 12987.
12984
What is the remainder when 6168810 is divided by 425?
360
What is the remainder when 28326557 is divided by 8933?
14
Calculate the remainder when 176106802 is divided by 34.
28
What is the remainder when 971032 is divided by 2258?
92
Calculate the remainder when 391420404 is divided by 195710197.
10
Calculate the remainder when 888522 is divided by 296161.
39
Calculate the remainder when 588799 is divided by 1024.
1023
What is the remainder when 323921219 is divided by 172?
155
Calculate the remainder when 308853 is divided by 30747.
1383
Calculate the remainder when 4894037 is divided by 261.
26
What is the remainder when 5266888 is divided by 1495?
3
Calculate the remainder when 140271 is divided by 6994.
391
Calculate the remainder when 828279 is divided by 259.
256
Calculate the remainder when 727408 is divided by 683.
13
What is the remainder when 2002119082 is divided by 452?
450
What is the remainder when 186696 is divided by 93?
45
Calculate the remainder when 36416100 is divided by 650287.
28
What is the remainder when 1065203 is divided by 1659?
125
Calculate the remainder when 5308967 is divided by 8.
7
What is the remainder when 16387969 is divided by 2731328?
1
What is the remainder when 478468 is divided by 107?
71
What is the remainder when 5263802 is divided by 1052759?
7
Calculate the remainder when 28859386 is divided by 124.
122
Calculate the remainder when 64724 is divided by 5390.
44
Calculate the remainder when 20901858 is divided by 20654.
10
What is the remainder when 576577 is divided by 192173?
58
What is the remainder when 1367599 is divided by 35961?
1081
What is the remainder when 54498 is divided by 1291?
276
What is the remainder when 12037405 is divided by 83?
81
Calculate the remainder when 133262 is divided by 229.
213
Calculate the remainder when 2251516 is divided by 1271.
575
What is the remainder when 1995747 is divided by 142552?
19
What is the remainder when 5395503 is divided by 674437?
7
Calculate the remainder when 14324249 is divided by 127895.
9
What is the remainder when 228246 is divided by 228134?
112
Calculate the remainder when 131063515 is divided by 13.
11
What is the remainder when 419504 is divided by 2893?
19
Calculate the remainder when 7093 is divided by 3494.
105
What is the remainder when 5675 is divided by 39?
20
Calculate the remainder when 35842408 is divided by 379.
378
What is the remainder when 27222031 is divided by 6004?
5899
Calculate the remainder when 122244953 is divided by 12224493.
23
Calculate the remainder when 84936894 is divided by 3692908.
10
What is the remainder when 38047890 is divided by 666?
642
What is the remainder when 285842 is divided by 142565?
712
What is the remainder when 220441 is divided by 1670?
1
What is the remainder when 927395 is divided by 3199?
2884
Calculate the remainder when 76070 is divided by 751.
219
Calculate the remainder when 674623 is divided by 511.
103
Calculate the remainder when 5502 is divided by 2759.
2743
Calculate the remainder when 2074218 is divided by 94.
14
What is the remainder when 5194636 is divided by 4718?
118
What is the remainder when 68759 is divided by 22903?
50
What is the remainder when 5832181 is divided by 986?
977
What is the remainder when 155870394 is divided by 91259?
22
What is the remainder when 1869035 is divided by 247?
233
Calculate the remainder when 1297224 is divided by 203.
54
Calculate the remainder when 798913 is divided by 798734.
179
Calculate the remainder when 9307094 is divided by 581683.
166
What is the remainder when 8028592 is divided by 123?
13
Calculate the remainder when 11521355 is divided by 1823.
1818
Calculate the remainder when 5420851 is divided by 14.
9
What is the remainder when 126029 is divided by 10361?
1697
What is the remainder when 223502954 is divided by 287?
269
Calculate the remainder when 1378976 is divided by 30.
26
Calculate the remainder when 13257117 is divided by 22.
5
Calculate the remainder when 288535 is divided by 96060.
355
What is the remainder when 890723 is divided by 3082?
25
What is the remainder when 240049 is divided by 32?
17
Calculate the remainder when 1340441694 is divided by 11.
9
What is the remainder when 163417 is divided by 17787?
3334
Calculate the remainder when 1762491 is divided by 16319.
39
What is the remainder when 104402 is divided by 1228?
22
Calculate the remainder when 2071981 is divided by 1108.
21
Calculate the remainder when 289385 is divided by 556.
265
What is the remainder when 23898 is divided by 93?
90
What is the remainder when 399982 is divided by 18180?
22
What is the remainder when 14055215 is divided by 42?
41
Calculate the remainder when 11881 is divided by 4342.
3197
What is the remainder when 3397802 is divided by 659?
657
Calculate the remainder when 55720234 is divided by 163.
151
Calculate the remainder when 50924157 is divided by 2160.
2157
Calculate the remainder when 44447129 is divided by 1458.
1457
What is the remainder when 37777 is divided by 1569?
121
Calculate the remainder when 1092579 is divided by 16.
3
Calculate the remainder when 32328813 is divided by 46.
13
Calculate the remainder when 37228460 is divided by 53.
41
Calculate the remainder when 6044076 is divided by 7.
3
What is the remainder when 9913 is divided by 4476?
961
What is the remainder when 10532842 is divided by 42?
40
What is the remainder when 3270538 is divided by 65?
63
Calculate the remainder when 237066 is divided by 33866.
4
Calculate the remainder when 376607 is divided by 1098.
1091
Calculate the remainder when 705095 is divided by 1424.
215
What is the remainder when 247241244 is divided by 450?
444
What is the remainder when 4988083 is divided by 2494012?
59
What is the remainder when 11548335 is divided by 112?
15
What